?
True
Is 34 a factor of 1242?
False
Is 61736 a multiple of 8?
True
Is 5655 a multiple of 65?
True
Is 168 a multiple of 42?
True
Is 29 a factor of 1769?
True
Does 13 divide 299?
True
Is 2640 a multiple of 5?
True
Does 18 divide 54?
True
Is 30 a factor of 444?
False
Is 39816 a multiple of 28?
True
Does 11 divide 61719?
False
Is 1668 a multiple of 18?
False
Is 116 a multiple of 44?
False
Is 8084 a multiple of 9?
False
Is 6353 a multiple of 7?
False
Is 12896 a multiple of 32?
True
Is 25 a factor of 4130?
False
Is 8 a factor of 400?
True
Is 33 a factor of 66?
True
Does 13 divide 11574?
False
Is 3643 a multiple of 9?
False
Is 300 a multiple of 50?
True
Is 216 a multiple of 7?
False
Does 84 divide 2940?
True
Is 6 a factor of 1303?
False
Is 36 a factor of 12204?
True
Is 11 a factor of 275?
True
Is 60 a factor of 6595?
False
Is 25 a factor of 15125?
True
Is 64404 a multiple of 278?
False
Is 3 a factor of 201?
True
Is 1365 a multiple of 7?
True
Is 330 a multiple of 22?
True
Does 6 divide 337?
False
Does 17 divide 1428?
True
Does 25 divide 25050?
True
Is 705 a multiple of 37?
False
Is 207 a multiple of 9?
True
Is 12 a factor of 120?
True
Is 36 a factor of 860?
False
Is 195 a multiple of 15?
True
Is 4 a factor of 1609?
False
Is 8 a factor of 4053?
False
Is 188 a multiple of 36?
False
Is 11 a factor of 356?
False
Is 209 a multiple of 11?
True
Is 408 a multiple of 8?
True
Is 38665 a multiple of 185?
True
Is 33 a factor of 288?
False
Is 4301 a multiple of 17?
True
Is 594 a multiple of 33?
True
Is 1111 a multiple of 70?
False
Does 42 divide 1008?
True
Is 1467 a multiple of 32?
False
Does 12 divide 420?
True
Does 4 divide 1037?
False
Is 13680 a multiple of 48?
True
Is 9 a factor of 153?
True
Does 5 divide 5537?
False
Is 25 a factor of 2725?
True
Does 188 divide 16767?
False
Does 59 divide 4291?
False
Does 13 divide 1672?
False
Is 81585 a multiple of 424?
False
Is 490 a multiple of 5?
True
Is 47992 a multiple of 8?
True
Is 13 a factor of 78?
True
Is 3 a factor of 340?
False
Is 37240 a multiple of 140?
True
Does 95 divide 10294?
False
Is 8 a factor of 752?
True
Is 123 a multiple of 6?
False
Does 22 divide 443?
False
Is 10 a factor of 510?
True
Does 13 divide 598?
True
Is 20 a factor of 95?
False
Does 27 divide 17577?
True
Is 18 a multiple of 3?
True
Does 92 divide 6576?
False
Is 33 a factor of 8547?
True
Is 288 a multiple of 3?
True
Does 6 divide 7530?
True
Is 158 a multiple of 14?
False
Does 15 divide 14882?
False
Is 550 a multiple of 10?
True
Is 43375 a multiple of 80?
False
Is 339 a multiple of 6?
False
Does 6 divide 311?
False
Does 45 divide 1710?
True
Does 14 divide 3387?
False
Is 4 a factor of 2092?
True
Is 8 a factor of 3296?
True
Is 14464 a multiple of 28?
False
Is 14272 a multiple of 20?
False
Is 63142 a multiple of 27?
False
Does 11 divide 127125?
False
Does 2 divide 106?
True
Does 117 divide 15165?
False
Is 4 even?
True
Is 12 a factor of 732?
True
Is 20 a factor of 8680?
True
Does 39 divide 245?
False
Does 20 divide 3362?
False
Does 17 divide 71672?
True
Is 32 a factor of 49184?
True
Is 3092 a multiple of 30?
False
Is 151 a multiple of 9?
False
Is 4591 even?
False
Is 12524 a multiple of 202?
True
Does 35 divide 665?
True
Is 107 a multiple of 2?
False
Is 11148 a multiple of 8?
False
Is 5417 a multiple of 9?
False
Is 21 a multiple of 7?
True
Is 19800 a multiple of 185?
False
Is 12 a factor of 26508?
True
Is 1838 a multiple of 10?
False
Is 7800 a multiple of 13?
True
Is 2518 a multiple of 39?
False
Does 71 divide 71000?
True
Is 19 a factor of 9367?
True
Is 2364 a multiple of 77?
False
Is 14 a factor of 512?
False
Is 231 a multiple of 44?
False
Is 5 a factor of 265?
True
Does 16 divide 16?
True
Is 27 a factor of 864?
True
Is 4433 a multiple of 143?
True
Is 1450 a multiple of 17?
False
Is 30 a factor of 1643?
False
Is 46 a factor of 5198?
True
Is 129 a factor of 15347?
False
Is 492 a multiple of 12?
True
Does 12 divide 7507?
False
Does 26 divide 1205?
False
Does 5 divide 1775?
True
Is 992 a multiple of 32?
True
Is 1676 even?
True
Does 155 divide 115475?
True
Is 15 a factor of 1365?
True
Does 33 divide 980?
False
Does 11 divide 3710?
False
Does 16 divide 5938?
False
Does 25 divide 933?
False
Is 57 a factor of 6921?
False
Is 18074 a multiple of 74?
False
Is 7 a factor of 336?
True
Does 64 divide 12581?
False
Is 9 a factor of 326?
False
Is 2 a factor of 57?
False
Is 20204 a multiple of 15?
False
Does 10 divide 4390?
True
Does 109 divide 2180?
True
Does 24 divide 1608?
True
Is 17 a factor of 5227?
False
Is 347 a factor of 97160?
True
Does 50 divide 633?
False
Is 104 a factor of 1379?
False
Is 268 a factor of 10600?
False
Is 17 a factor of 833?
True
Is 8009 a multiple of 23?
False
Does 45 divide 1845?
True
Does 154 divide 4928?
True
Does 203 divide 7308?
True
Is 1274 a multiple of 13?
True
Is 14 a factor of 2518?
False
Does 36 divide 21672?
True
Is 2420 a multiple of 44?
True
Is 36 a factor of 22515?
False
Is 66 a factor of 594?
True
Does 12 divide 1272?
True
Does 28 divide 8148?
True
Is 8118 a multiple of 33?
True
Is 62 a factor of 1054?
True
Does 11 divide 408?
False
Is 16 a factor of 45344?
True
Is 11172 a multiple of 42?
True
Is 855 a multiple of 45?
True
Is 16235 a multiple of 17?
True
Is 39 a multiple of 10?
False
Does 163 divide 25375?
False
Is 113 a multiple of 21?
False
Is 57 a factor of 627?
True
Does 18 divide 402?
False
Is 464 a multiple of 93?
False
Is 100 a multiple of 20?
True
Is 20343 a multiple of 15?
False
Is 455 a multiple of 5?
True
Is 2491 a multiple of 58?
False
Does 44 divide 1775?
False
Is 122 a factor of 8157?
False
Does 41 divide 5412?
True
Does 23 divide 10189?
True
Is 53 a factor of 976?
False
Does 51 divide 20247?
True
Is 3 a factor of 514?
False
Is 13881 a multiple of 7?
True
Does 11 divide 80?
False
Is 20201 a multiple of 164?
False
Does 7 divide 49?
True
Is 1330 a multiple of 70?
True
Does 6 divide 168?
True
Is 4 a factor of 2928?
True
Is 12 a factor of 4776?
True
Is 43740 a multiple of 45?
True
Is 124908 a multiple of 21?
True
Does 31 divide 9548?
True
Is 3456 a multiple of 128?
True
Does 16 divide 11684?
False
Is 6930 a multiple of 18?
True
Does 38 divide 950?
True
Is 94 a factor of 2162?
True
Does 36 divide 9624?
False
Is 7 a factor of 7875?
True
Does 9 divide 81?
True
Is 7 a factor of 6849?
False
Is 21 a multiple of 3?
True
Is 15 a factor of 3865?
False
Is 1809 a multiple of 44?
False
Does 37 divide 1916?
False
Is 5603 a multiple of 39?
False
Is 6 a factor of 277?
False
Does 20 divide 2728?
False
Does 87 divide 2984?
False
Does 9 divide 2719?
False
Is 14602 a multiple of 14?
True
Is 444 a multiple of 29?
False
Is 25974 a multiple of 22?
False
Is 4236 a multiple of 37?
False
Does 16 divide 23040?
True
Is 40 a factor of 440?
True
Is 69 a factor of 5758?
False
Is 56 a factor of 3131?
False
Is 16714 a multiple of 122?
True
Is 8415 a multiple of 153?
True
Is 200 a multiple of 5?
True
Is 10680 a multiple of 25?
False
Does 81 divide 755?
False
Is 11833 a multiple of 12?
False
Is 244 a multiple of 4?
True
Is 228 a multiple of 5?
False
Is 30522 a multiple of 16?
False
Does 10 divide 2738?
False
Is 230 a multiple of 23?
True
Is 13622 a multiple of 14?
True
Is 21942 a multiple of 18?
True
Does 2 divide 891?
False
Is 21 a factor of 1827?
True
Is 4 a factor of 21756?
True
Does 3 divide 45?
True
Is 8 a factor of 1956?
False
Is 52824 a multiple of 96?
False
Is 71 a factor of 9627?
False
Does 132 divide 87648?
True
Is 14976 a multiple of 104?
True
Is 5 a factor of 184?
False
Is 19646 a multiple of 86?
False
Does 53 divide 6307?
True
Does 9 divide 830?
False
Is 2624 a multiple of 32?
True
Is 200 a multiple of 2?
True
Is 116 a multiple of 4?
True
Is 30870 a multiple of 98?
True
Does 76 divide 1424?
False
Is 100 a factor of 13400?
True
Does 45 divide 6098?
False
Is 26 a factor of 1286?
False
Does 14 divide 104214?
False
Is 9572 a multiple of 17?
False
Does 26 divide 2548?
True
Is 69 a factor of 2020?
False
Is 1760 a multiple of 20?
True
Is 6 a factor of 283?
False
Is 31 a factor of 1860?
True
Is 810 a multiple of 54?
True
Does 25 divide 11719?
False
Does 27 divide 477?
False
Does 13 divide 389?
False
Does 23 divide 11799?
True
Is 28 a factor of 529?
False
Does 69 divide 1558?
False
Does 33 divide 8151?
True
Is 25 a factor of 525?
True
Doe